ors of 2012902?
2, 17, 73, 811
What are the prime factors of 307667?
19, 16193
What are the prime factors of 5564059?
5564059
List the prime factors of 7521036.
2, 3, 19, 32987
What are the prime factors of 4956149?
11, 349, 1291
What are the prime factors of 20019190?
2, 5, 2001919
What are the prime factors of 236767?
59, 4013
List the prime factors of 152711.
13, 17, 691
List the prime factors of 222495.
3, 5, 7, 13, 163
List the prime factors of 3187709.
7, 29, 41, 383
List the prime factors of 155232.
2, 3, 7, 11
List the prime factors of 6030579.
3, 29, 69317
List the prime factors of 13668384.
2, 3, 173, 823
List the prime factors of 18394517.
18394517
List the prime factors of 210749.
7, 11, 17, 23
What are the prime factors of 968696?
2, 19, 6373
List the prime factors of 903632.
2, 56477
What are the prime factors of 2046797?
97, 21101
What are the prime factors of 2913933?
3, 11, 88301
List the prime factors of 1125267.
3, 11, 13, 43, 61
What are the prime factors of 329754?
2, 3, 54959
List the prime factors of 661539.
3, 220513
List the prime factors of 133503.
3, 44501
What are the prime factors of 34186221?
3, 3798469
What are the prime factors of 556945?
5, 23, 29, 167
What are the prime factors of 439050?
2, 3, 5, 2927
List the prime factors of 173643.
3, 57881
What are the prime factors of 1543533?
3, 281, 1831
List the prime factors of 2439869.
41, 59509
List the prime factors of 14606910.
2, 3, 5, 17, 9547
What are the prime factors of 1681735?
5, 11, 30577
What are the prime factors of 53264?
2, 3329
List the prime factors of 1963552.
2, 43, 1427
What are the prime factors of 1886075?
5, 37, 2039
List the prime factors of 4788433.
13, 337, 1093
List the prime factors of 6511313.
1877, 3469
What are the prime factors of 772492?
2, 7, 47, 587
What are the prime factors of 813774?
2, 3, 13, 10433
What are the prime factors of 8737857?
3, 97, 10009
List the prime factors of 3870601.
7, 23, 29, 829
List the prime factors of 6193924.
2, 11, 19, 31, 239
List the prime factors of 4369240.
2, 5, 19, 5749
List the prime factors of 10236083.
11, 13, 47, 1523
What are the prime factors of 2762890?
2, 5, 13, 53, 401
List the prime factors of 81021.
3, 113, 239
What are the prime factors of 30866421?
3, 31, 331897
What are the prime factors of 5667069?
3, 17, 111119
What are the prime factors of 1386105?
3, 5, 7, 43, 307
List the prime factors of 5509653.
3, 857, 2143
What are the prime factors of 1914530?
2, 5, 191453
What are the prime factors of 8559189?
3, 59, 199
List the prime factors of 25964015.
5, 7, 11, 17, 3967
List the prime factors of 115686.
2, 3, 6427
What are the prime factors of 19275289?
11, 41, 79, 541
What are the prime factors of 7166537?
7, 17, 60223
List the prime factors of 5726661.
3, 31, 139, 443
What are the prime factors of 23652107?
43, 550049
What are the prime factors of 830980?
2, 5, 41549
List the prime factors of 1894752.
2, 3, 17, 43
What are the prime factors of 147033?
3, 17, 31
List the prime factors of 340959.
3, 89, 1277
What are the prime factors of 124838?
2, 7, 37, 241
List the prime factors of 228752.
2, 17, 29
List the prime factors of 4388381.
4388381
List the prime factors of 800234.
2, 31, 12907
List the prime factors of 103299.
3, 7, 4919
What are the prime factors of 173568?
2, 3, 113
List the prime factors of 209962.
2, 61, 1721
List the prime factors of 21104.
2, 1319
List the prime factors of 632195.
5, 227, 557
List the prime factors of 8967646.
2, 59, 75997
List the prime factors of 5384871.
3, 59, 10141
What are the prime factors of 141716?
2, 71, 499
What are the prime factors of 497825?
5, 19913
What are the prime factors of 472587?
3, 19, 8291
List the prime factors of 1758490.
2, 5, 41, 4289
List the prime factors of 1062822.
2, 3, 19, 9323
List the prime factors of 1971039.
3, 7, 47, 1997
What are the prime factors of 62512?
2, 3907
List the prime factors of 3881579.
13, 298583
What are the prime factors of 11632887?
3, 7, 184649
List the prime factors of 12842388.
2, 3, 13, 3049
List the prime factors of 261351.
3, 71, 409
What are the prime factors of 1512133?
7, 17, 97, 131
List the prime factors of 3909295.
5, 13, 137, 439
List the prime factors of 76272.
2, 3, 7, 227
What are the prime factors of 8902052?
2, 37, 60149
What are the prime factors of 6525665?
5, 331, 3943
What are the prime factors of 181424?
2, 17, 23, 29
List the prime factors of 3882377.
23, 59, 2861
List the prime factors of 1471081.
89, 16529
What are the prime factors of 261384?
2, 3, 10891
What are the prime factors of 7359838?
2, 3679919
List the prime factors of 6306702.
2, 3, 31, 41, 827
List the prime factors of 1406532.
2, 3, 19, 31, 199
List the prime factors of 237354.
2, 3, 13, 17, 179
What are the prime factors of 1423069?
41, 61, 569
List the prime factors of 561935.
5, 11, 17, 601
What are the prime factors of 427218?
2, 3, 11, 6473
List the prime factors of 1455681.
3, 479, 1013
What are the prime factors of 766313?
766313
List the prime factors of 301464.
2, 3, 53, 79
List the prime factors of 706621.
706621
What are the prime factors of 332832?
2, 3, 3467
What are the prime factors of 5968406?
2, 2984203
What are the prime factors of 47684?
2, 7, 13, 131
What are the prime factors of 141032?
2, 17, 61
What are the prime factors of 321780?
2, 3, 5, 31, 173
What are the prime factors of 576441?
3, 19, 3371
List the prime factors of 774628.
2, 31, 6247
List the prime factors of 78003.
3, 107
List the prime factors of 104283.
3, 11587
List the prime factors of 2377015.
5, 475403
What are the prime factors of 3573565?
5, 79, 83, 109
What are the prime factors of 166803?
3, 7, 13, 47
List the prime factors of 263574.
2, 3, 1627
What are the prime factors of 342?
2, 3, 19
List the prime factors of 784097.
784097
What are the prime factors of 10674203?
971, 10993
List the prime factors of 26704363.
7, 233, 2339
What are the prime factors of 795728?
2, 41, 1213
List the prime factors of 776874.
2, 3, 7, 53, 349
List the prime factors of 2912400.
2, 3, 5, 809
List the prime factors of 14898.
2, 3, 13, 191
What are the prime factors of 3811610?
2, 5, 11, 34651
What are the prime factors of 644497?
7, 1879
List the prime factors of 27566.
2, 7, 11, 179
List the prime factors of 675210.
2, 3, 5, 71, 317
What are the prime factors of 66646?
2, 47, 709
List the prime factors of 8389530.
2, 3, 5, 31, 97
What are the prime factors of 1112416?
2, 34763
List the prime factors of 185023.
53, 3491
List the prime factors of 4471585.
5, 677, 1321
List the prime factors of 437894.
2, 218947
List the prime factors of 203375.
5, 1627
What are the prime factors of 22364584?
2, 11, 79, 3217
What are the prime factors of 11985001?
7, 23, 74441
What are the prime factors of 1161862?
2, 13, 44687
What are the prime factors of 4445211?
3, 17, 43, 2027
What are the prime factors of 3350070?
2, 3, 5, 37223
List the prime factors of 33224.
2, 4153
What are the prime factors of 643654?
2, 11, 17, 1721
What are the prime factors of 2537862?
2, 3, 17, 139, 179
What are the prime factors of 59060?
2, 5, 2953
What are the prime factors of 11678330?
2, 5, 1167833
What are the prime factors of 3161805?
3, 5, 101, 2087
List the prime factors of 1662501.
3, 554167
List the prime factors of 230964.
2, 3, 19, 1013
What are the prime factors of 19850984?
2, 103, 24091
List the prime factors of 1129045.
5, 225809
What are the prime factors of 6481740?
2, 3, 5, 59, 1831
List the prime factors of 8760546.
2, 3, 486697
What are the prime factors of 519947?
519947
List the prime factors of 318705.
3, 5, 21247
List the prime factors of 341450.
2, 5, 6829
List the prime factors of 9147139.
17, 31, 1021
List the prime factors of 33626753.
409, 82217
What are the prime factors of 15733411?
1231, 12781
List the prime factors of 10633652.
2, 37, 71849
List the prime factors of 1244074.
2, 13, 59, 811
What are the prime factors of 12957893?
13, 17, 3449
List the prime factors of 1047518.
2, 523759
List the prime factors of 160656.
2, 3, 3347
What are the prime factors of 24504729?
3, 23, 131, 2711
List the prime factors of 54658.
2, 27329
List the prime factors of 2175523.
7, 310789
List the prime factors of 784129.
784129
List the prime fa